ors of d?
11
Suppose -l + 16 = 23. Let w(k) be the third derivative of -k**5/60 - 5*k**4/12 + k**3/6 - k**2. List the prime factors of w(l).
2, 11
Let i be 16/(-10)*620/(-8). Let t = -85 + i. List the prime factors of t.
3, 13
Let t(b) = 41*b - 1. Let q be t(1). Let i = 15 + -3. Suppose 4*h + i = q. What are the prime factors of h?
7
Suppose 0*i = 5*i - 775. What are the prime factors of i?
5, 31
Let s(k) = -4*k + 6. What are the prime factors of s(-8)?
2, 19
Let c(d) = d**2 + d + 9. List the prime factors of c(-3).
3, 5
Let v = 2 - -3. Suppose -v*g + 26 = 6. List the prime factors of g.
2
Let i = 1 - -1. Suppose 0 = 2*w + i, -5*z + 16 = -w - 15. What are the prime factors of z?
2, 3
Suppose h + 4*l = -3*h + 152, 3*l - 150 = -4*h. List the prime factors of h.
2, 3
Let h(j) = -j**2 + 10*j + 7. Let r be h(11). List the prime factors of (-36)/(r - -2) + -1.
17
Suppose v - 4*h = -4*v + 41, -9 = -v + h. Suppose v*s = 10 + 15. List the prime factors of s.
5
Suppose -77*g + 81*g = 152. What are the prime factors of g?
2, 19
Suppose 5*m = 4*m, -4*f - 2*m = -32. Let q = f - -6. List the prime factors of q.
2, 7
Suppose 2*x + 18 + 2 = 0. Let w = x + 25. List the prime factors of w.
3, 5
Let h(b) be the third derivative of -11*b**4/12 + 2*b**2. Let z be h(3). What are the prime factors of z/(-14) - 8/(-28)?
5
Let k = 8 + -8. Suppose k = -z - z + 4. What are the prime factors of z?
2
Suppose -4*a + 6*a - 220 = -2*j, -2*a - 3*j + 221 = 0. What are the prime factors of a?
109
Let k(m) = 2*m**2 + 11*m - 3. Let q be k(-9). Suppose 5*i - 65 = -p + 63, 4*p = 2*i - q. List the prime factors of i.
2, 13
Let h(s) = -s**3 + 4*s**2 + s - 3. Suppose -3*d = 2*f - 12, 5*f - 25 = d - 6*d. Suppose 0 = -d*b + 3*b - 3. What are the prime factors of h(b)?
3
Let c = 5 - 2. Let u = -6 + 11. Suppose f = -u*v - 0 + 13, -c*f = -4*v - 58. List the prime factors of f.
2, 3
Suppose -4*q - 31 = -g, 2*q - q - 106 = -3*g. Let f = -23 + g. What are the prime factors of f?
2, 3
Let v = 9 - 5. What are the prime factors of v?
2
Let t = 145 + 61. List the prime factors of t.
2, 103
Let y be -2 + -17*(0 - 2). Suppose 4*p + b = y, -27 = -5*p - b + 3*b. What are the prime factors of p?
7
Let u = -8 - -15. Let k = 18 + 4. Let l = k - u. List the prime factors of l.
3, 5
Suppose 5*n - 400 = -5*f, -2*n + 5*f + 88 = -93. Let i = -44 + n. What are the prime factors of i?
3, 13
Let o be 0*(-1)/(-2) + 0. Suppose 5*g = 0, 3*f + o*f = g + 21. What are the prime factors of f?
7
Let q(l) be the third derivative of l**4/24 - 2*l**2. Let u be q(6). Suppose n = u + 6. What are the prime factors of n?
2, 3
Suppose 2*t - 52 - 42 = 0. Suppose 0 = 4*l - t - 9. List the prime factors of l.
2, 7
Suppose 4*n + 198 + 42 = 0. Let w = n + 88. Let r = w + -20. What are the prime factors of r?
2
Let g(w) = 5*w - 16. Let d(f) = -f + 24. Let v be d(13). What are the prime factors of g(v)?
3, 13
List the prime factors of 3 - 4/(16/(-60)).
2, 3
Let o(d) = -d**3 - 4*d**2 - 4*d - 6. Let p be o(-4). Suppose -b = b + p. Let s = 7 - b. What are the prime factors of s?
2, 3
Suppose -4*x = t - 32, 5*x + t = -1 + 41. Let h = 6 + x. What are the prime factors of h?
2, 7
Suppose -8*p + 60 = -908. What are the prime factors of p?
11
Suppose 2 = -2*s + 6, 3*s + 27 = 3*n. Suppose -n = 3*z - 38. Let q = -7 + z. List the prime factors of q.
2
Suppose -2*q - 22 = -3*y, -y + 3*q + 12 = -7. Suppose 2*s = y*j - 208, -3*s + 4*s - 3*j = -109. What are the prime factors of (-3)/(-12) + s/(-8)?
2, 3
Let h(q) = -q**2 - 12*q + 19. What are the prime factors of h(-13)?
2, 3
Let x(g) = -g**3 + 5*g**2 + g - 2. Let b be x(5). Let s be 1*2/(-2)*-2. Suppose -3*o + 9 = -s*f, 8*f - b*f + 2*o = 25. List the prime factors of f.
3
Let b(m) = m**3 - 4*m**2 + 4*m. Let c(p) = -p**3 - 9*p**2 - 9*p - 5. Let r be c(-8). Let i be 7/3 + 2/r. What are the prime factors of b(i)?
3
Let k = 3 + 5. List the prime factors of (6/(-1))/((-6)/k).
2
Suppose 6 = m + h, h - 8 = 5*m - 44. What are the prime factors of m?
7
Suppose 5*b + 0*b = 0. Suppose o + 15 = -5*p, 2*p + b*p + o = -3. List the prime factors of (-48)/(-22) - p/(-22).
2
Suppose 4*t = 9*t - 60. List the prime factors of 2*2/t*39.
13
Let o be (-10)/(-6) - (-4)/(-6). Let k be -7*o/1*-1. Suppose 2*l + k = 3*g + 24, 4*g + 11 = l. List the prime factors of l.
7
Suppose -5*m - 1 = -6*m. What are the prime factors of ((-16)/(-10))/(m/10)?
2
Suppose 131 + 82 = 3*i. List the prime factors of i.
71
Let x(r) be the third derivative of r**5/30 + 3*r**4/8 + 3*r**3/2 + 6*r**2. What are the prime factors of x(-6)?
3
Let b = 7 - -3. Suppose 0*s = r - 2*s - 19, 5*s = -b. List the prime factors of r.
3, 5
Let i(m) = m - 5. Let v be i(7). Suppose 0*d + 6 = v*d. What are the prime factors of d?
3
Let y = 35 - -103. List the prime factors of y.
2, 3, 23
Suppose q - 845 = -4*q. What are the prime factors of q?
13
Let h(y) be the second derivative of -y**5/20 - 7*y**4/6 - 2*y**3 + 8*y**2 - y. What are the prime factors of h(-13)?
3
Let v(o) = -o - 4. Let l be v(-6). Suppose 0*u + 58 = l*u. List the prime factors of u.
29
Let t be 3/(-4) + 22/8. Suppose 0 = t*r - 4*r + 4. List the prime factors of r.
2
Suppose 5*b - 26 = -k, 2*b - 32 = -4*k - 0*b. Suppose 0*d + 3*d - k = 0. List the prime factors of d - -1 - 2 - -9.
2, 5
Suppose -a + 6 = -0*a. Suppose -a*j = -j - 55. List the prime factors of j.
11
Suppose 8 = -2*j - 3*n - 11, n + 5 = 0. Let t(y) be the second derivative of y**4/3 + 2*y**3/3 + y**2 + 3*y. List the prime factors of t(j).
2, 5
Let i = -11 - -9. Let j be 9/(-1) - (-3 + 1). What are the prime factors of (-164)/(-14) + i/j?
2, 3
Let o(t) = t**2 - 2*t - 1. Let v be o(3). Let m be -3 - -1 - (-10 + v). Let d = 5 + m. List the prime factors of d.
11
Suppose -4 = -h + 1. Suppose -2*q = -p + 16, -h*p + 5*q = -0*q - 60. What are the prime factors of p?
2
Let a be ((-36)/(-27))/(4/(-402)). List the prime factors of a/(-4) + 1/(-2).
3, 11
Suppose 0 = 4*w - 3*x - 29, 2*w = 4*x + 10 + 2. What are the prime factors of w?
2
Let n = 1 + 7. Suppose v - n - 6 = 0. List the prime factors of v.
2, 7
Let r(y) = -y**2 + 2 + 2 - 1 + 7*y. Let b be (-62)/(-10) - 2/10. List the prime factors of r(b).
3
Let g(t) = 9*t - 2. Let v be g(3). Let a = 47 - v. Suppose 2*j = 2 + a. List the prime factors of j.
2, 3
Let a = 22 - -4. List the prime factors of a.
2, 13
Let v be (-1)/((15/123)/5). Let m be (-230)/4 + (-2)/(-4). Let f = v - m. What are the prime factors of f?
2
Let m be (6/(-4))/(4/24). Let h(j) = 3*j - 1. Let o(q) = -q + 1. Let v(z) = m*o(z) - 4*h(z). List the prime factors of v(-4).
7
Let m(a) = 1 - a - a**3 + 2*a**2 + 0*a**3 - 4*a**2. Let k be (-12)/8 - 2/4. What are the prime factors of m(k)?
3
Let l = 112 + -192. Let j be ((-12)/15)/(2/l). Let t = -20 + j. What are the prime factors of t?
2, 3
Let s(d) = -1 + 4 + 4 + d. What are the prime factors of s(0)?
7
Let y(q) = q**3 - 7*q**2 - 8*q + 3. Let a be y(8). Suppose 3*v - 60 = a*o, -2*o - 6 = -4*o. What are the prime factors of v?
23
Suppose -5*f + 627 = -78. Suppose 2*y + y - f = -4*p, 3*y - 117 = 4*p. Let u = -30 + y. What are the prime factors of u?
13
Suppose -3*x - 2*y + 194 = 0, 166 = -4*x + 7*x - 5*y. List the prime factors of x.
2, 31
Let h(a) = a**3 - a**2 - 4*a + 8. What are the prime factors of h(4)?
2, 5
Let b(d) = 4*d**3 - 2*d**2 + 5*d - 5. Let m be b(3). Suppose -m = 2*x - 7*x. List the prime factors of x.
2, 5
Let u = 45 - 32. Suppose 0 = 3*k - b + 99, -4*k + b - 118 - u = 0. Let q = -20 - k. List the prime factors of q.
2, 3
Let u be (3 + -3)*(-2 - -1). Let s be (u - 3)/(3/(-2)). Suppose s*q - 40 = -3*q. List the prime factors of q.
2
Suppose 4*u = -2*u + 102. Suppose 2*m - u + 3 = -3*f, 2 = -2*m + 5*f. List the prime factors of m.
2
Let r = -12 + 8. Let k = r - -8. List the prime factors of k.
2
Suppose 5*j - 18 + 8 = 0. Suppose j*k + z = 19, 5*z = k + 3*z - 7. What are the prime factors of k?
3
Suppose -2*r + 116 = -0*r. List the prime factors of r.
2, 29
Suppose 0 = 3*x - 5*x + 10. Suppose 0 = 4*h - 49 + x. Let i = h - 2. List the prime factors of i.
3
Let m be (9 - 10)*(-1 + 1). Suppose 2*g - 4*u - 9 - 27 = m, -3*u - 57 = -4*g. What are the prime factors of g?
2, 3
Let t(v) = -3*v - 4. Let z be t(-5). Suppose z + 1 = j. What are the prime factors of j?
2, 3
List t